{"id":2083,"date":"2021-06-08T19:34:58","date_gmt":"2021-06-08T19:34:58","guid":{"rendered":"https:\/\/pannoniaparketta.hu\/mardegan\/?page_id=2083"},"modified":"2021-08-04T19:30:52","modified_gmt":"2021-08-04T19:30:52","slug":"raktarkeszleti-akcios-szineink","status":"publish","type":"page","link":"https:\/\/pannoniaparketta.hu\/mardegan\/raktarkeszleti-akcios-szineink\/","title":{"rendered":"Rakt\u00e1rk\u00e9szleti akci\u00f3s sz\u00edneink"},"content":{"rendered":"\t\t<div data-elementor-type=\"wp-page\" data-elementor-id=\"2083\" class=\"elementor elementor-2083\" data-elementor-settings=\"[]\">\n\t\t\t\t\t\t<div class=\"elementor-inner\">\n\t\t\t\t\t\t\t<div class=\"elementor-section-wrap\">\n\t\t\t\t\t\t\t<section class=\"elementor-section elementor-top-section elementor-element elementor-element-3c7efd93 elementor-section-height-min-height elementor-section-content-bottom elementor-section-items-bottom elementor-section-boxed elementor-section-height-default\" data-id=\"3c7efd93\" data-element_type=\"section\" data-settings=\"{&quot;background_background&quot;:&quot;classic&quot;}\">\n\t\t\t\t\t\t\t<div class=\"elementor-background-overlay\"><\/div>\n\t\t\t\t\t\t\t<div class=\"elementor-container elementor-column-gap-no\">\n\t\t\t\t\t\t\t<div class=\"elementor-row\">\n\t\t\t\t\t<div class=\"elementor-column elementor-col-100 elementor-top-column elementor-element elementor-element-5ee901a8\" data-id=\"5ee901a8\" data-element_type=\"column\">\n\t\t\t<div class=\"elementor-column-wrap elementor-element-populated\">\n\t\t\t\t\t\t\t<div class=\"elementor-widget-wrap\">\n\t\t\t\t\t\t<div class=\"elementor-element elementor-element-8ae726f elementor-widget elementor-widget-heading\" data-id=\"8ae726f\" data-element_type=\"widget\" data-widget_type=\"heading.default\">\n\t\t\t\t<div class=\"elementor-widget-container\">\n\t\t\t<h1 class=\"elementor-heading-title elementor-size-default\">Rakt\u00e1rk\u00e9szleti akci\u00f3s sz\u00edneink<\/h1>\t\t<\/div>\n\t\t\t\t<\/div>\n\t\t\t\t\t\t<\/div>\n\t\t\t\t\t<\/div>\n\t\t<\/div>\n\t\t\t\t\t\t\t\t<\/div>\n\t\t\t\t\t<\/div>\n\t\t<\/section>\n\t\t\t\t<section class=\"elementor-section elementor-top-section elementor-element elementor-element-7c65935 elementor-section-boxed elementor-section-height-default elementor-section-height-default\" data-id=\"7c65935\" data-element_type=\"section\" id=\"tavole\" data-settings=\"{&quot;motion_fx_motion_fx_scrolling&quot;:&quot;yes&quot;,&quot;motion_fx_devices&quot;:[&quot;desktop&quot;,&quot;tablet&quot;,&quot;mobile&quot;]}\">\n\t\t\t\t\t\t<div class=\"elementor-container elementor-column-gap-default\">\n\t\t\t\t\t\t\t<div class=\"elementor-row\">\n\t\t\t\t\t<div class=\"elementor-column elementor-col-100 elementor-top-column elementor-element elementor-element-bb20627\" data-id=\"bb20627\" data-element_type=\"column\">\n\t\t\t<div class=\"elementor-column-wrap elementor-element-populated\">\n\t\t\t\t\t\t\t<div class=\"elementor-widget-wrap\">\n\t\t\t\t\t\t<div class=\"elementor-element elementor-element-fa8b457 elementor-cta--layout-image-left elementor-cta--mobile-layout-image-above elementor-cta--skin-classic elementor-animated-content elementor-invisible elementor-widget elementor-widget-call-to-action\" data-id=\"fa8b457\" data-element_type=\"widget\" data-settings=\"{&quot;_animation&quot;:&quot;slideInLeft&quot;}\" data-widget_type=\"call-to-action.default\">\n\t\t\t\t<div class=\"elementor-widget-container\">\n\t\t\t\t\t<div  class=\"elementor-cta\">\n\t\t\t\t\t<div class=\"elementor-cta__bg-wrapper\">\n\t\t\t\t<div class=\"elementor-cta__bg elementor-bg\" style=\"background-image: url(https:\/\/pannoniaparketta.hu\/mardegan\/wp-content\/uploads\/2021\/06\/CINNAMON-438x1024.jpg);\"><\/div>\n\t\t\t\t<div class=\"elementor-cta__bg-overlay\"><\/div>\n\t\t\t<\/div>\n\t\t\t\t\t\t\t<div class=\"elementor-cta__content\">\n\t\t\t\t\n\t\t\t\t\t\t\t\t\t<h2 class=\"elementor-cta__title elementor-cta__content-item elementor-content-item\">\n\t\t\t\t\t\tCinnamon\t\t\t\t\t<\/h2>\n\t\t\t\t\n\t\t\t\t\t\t\t\t\t<div class=\"elementor-cta__description elementor-cta__content-item elementor-content-item\">\n\t\t\t\t\t\tSc. B rusztikus v\u00e1logat\u00e1s\n<br>\nK\u00e9zzel kef\u00e9lt vagy k\u00e9zzel gyalult fel\u00fclet\t\t\t\t\t<\/div>\n\t\t\t\t\n\t\t\t\t\t\t\t<\/div>\n\t\t\t\t\t\t<\/div>\n\t\t\t\t<\/div>\n\t\t\t\t<\/div>\n\t\t\t\t<div class=\"elementor-element elementor-element-0a5e94c elementor-cta--layout-image-right elementor-cta--mobile-layout-image-above elementor-cta--skin-classic elementor-animated-content elementor-invisible elementor-widget elementor-widget-call-to-action\" data-id=\"0a5e94c\" data-element_type=\"widget\" data-settings=\"{&quot;_animation&quot;:&quot;slideInRight&quot;}\" data-widget_type=\"call-to-action.default\">\n\t\t\t\t<div class=\"elementor-widget-container\">\n\t\t\t\t\t<div  class=\"elementor-cta\">\n\t\t\t\t\t<div class=\"elementor-cta__bg-wrapper\">\n\t\t\t\t<div class=\"elementor-cta__bg elementor-bg\" style=\"background-image: url(https:\/\/pannoniaparketta.hu\/mardegan\/wp-content\/uploads\/2021\/06\/NOCE-438x1024.jpg);\"><\/div>\n\t\t\t\t<div class=\"elementor-cta__bg-overlay\"><\/div>\n\t\t\t<\/div>\n\t\t\t\t\t\t\t<div class=\"elementor-cta__content\">\n\t\t\t\t\n\t\t\t\t\t\t\t\t\t<h2 class=\"elementor-cta__title elementor-cta__content-item elementor-content-item\">\n\t\t\t\t\t\tNoce\t\t\t\t\t<\/h2>\n\t\t\t\t\n\t\t\t\t\t\t\t\t\t<div class=\"elementor-cta__description elementor-cta__content-item elementor-content-item\">\n\t\t\t\t\t\tSc. B rusztikus v\u00e1logat\u00e1s <br>\nK\u00e9zzel kef\u00e9lt fel\u00fclet\t\t\t\t\t<\/div>\n\t\t\t\t\n\t\t\t\t\t\t\t<\/div>\n\t\t\t\t\t\t<\/div>\n\t\t\t\t<\/div>\n\t\t\t\t<\/div>\n\t\t\t\t<div class=\"elementor-element elementor-element-6ce1aeb elementor-cta--layout-image-left elementor-cta--mobile-layout-image-above elementor-cta--skin-classic elementor-animated-content elementor-invisible elementor-widget elementor-widget-call-to-action\" data-id=\"6ce1aeb\" data-element_type=\"widget\" data-settings=\"{&quot;_animation&quot;:&quot;slideInLeft&quot;}\" data-widget_type=\"call-to-action.default\">\n\t\t\t\t<div class=\"elementor-widget-container\">\n\t\t\t\t\t<div  class=\"elementor-cta\">\n\t\t\t\t\t<div class=\"elementor-cta__bg-wrapper\">\n\t\t\t\t<div class=\"elementor-cta__bg elementor-bg\" style=\"background-image: url(https:\/\/pannoniaparketta.hu\/mardegan\/wp-content\/uploads\/2021\/06\/MIELE-CHIARO-438x1024.jpg);\"><\/div>\n\t\t\t\t<div class=\"elementor-cta__bg-overlay\"><\/div>\n\t\t\t<\/div>\n\t\t\t\t\t\t\t<div class=\"elementor-cta__content\">\n\t\t\t\t\n\t\t\t\t\t\t\t\t\t<h2 class=\"elementor-cta__title elementor-cta__content-item elementor-content-item\">\n\t\t\t\t\t\tMiele Chiaro\t\t\t\t\t<\/h2>\n\t\t\t\t\n\t\t\t\t\t\t\t\t\t<div class=\"elementor-cta__description elementor-cta__content-item elementor-content-item\">\n\t\t\t\t\t\tSc. B rusztikus v\u00e1logat\u00e1s <br>\nK\u00e9zzel kef\u00e9lt vagy k\u00e9zzel gyalult fel\u00fclet\t\t\t\t\t<\/div>\n\t\t\t\t\n\t\t\t\t\t\t\t<\/div>\n\t\t\t\t\t\t<\/div>\n\t\t\t\t<\/div>\n\t\t\t\t<\/div>\n\t\t\t\t<div class=\"elementor-element elementor-element-a388162 elementor-cta--layout-image-right elementor-cta--mobile-layout-image-above elementor-cta--skin-classic elementor-animated-content elementor-invisible elementor-widget elementor-widget-call-to-action\" data-id=\"a388162\" data-element_type=\"widget\" data-settings=\"{&quot;_animation&quot;:&quot;slideInRight&quot;}\" data-widget_type=\"call-to-action.default\">\n\t\t\t\t<div class=\"elementor-widget-container\">\n\t\t\t\t\t<div  class=\"elementor-cta\">\n\t\t\t\t\t<div class=\"elementor-cta__bg-wrapper\">\n\t\t\t\t<div class=\"elementor-cta__bg elementor-bg\" style=\"background-image: url(https:\/\/pannoniaparketta.hu\/mardegan\/wp-content\/uploads\/2021\/06\/ESSENZA-438x1024.jpg);\"><\/div>\n\t\t\t\t<div class=\"elementor-cta__bg-overlay\"><\/div>\n\t\t\t<\/div>\n\t\t\t\t\t\t\t<div class=\"elementor-cta__content\">\n\t\t\t\t\n\t\t\t\t\t\t\t\t\t<h2 class=\"elementor-cta__title elementor-cta__content-item elementor-content-item\">\n\t\t\t\t\t\tEssenza \t\t\t\t\t<\/h2>\n\t\t\t\t\n\t\t\t\t\t\t\t\t\t<div class=\"elementor-cta__description elementor-cta__content-item elementor-content-item\">\n\t\t\t\t\t\tSc. B rusztikus v\u00e1logat\u00e1s <br>\nK\u00e9zzel kef\u00e9lt fel\u00fclet\t\t\t\t\t<\/div>\n\t\t\t\t\n\t\t\t\t\t\t\t<\/div>\n\t\t\t\t\t\t<\/div>\n\t\t\t\t<\/div>\n\t\t\t\t<\/div>\n\t\t\t\t\t\t<\/div>\n\t\t\t\t\t<\/div>\n\t\t<\/div>\n\t\t\t\t\t\t\t\t<\/div>\n\t\t\t\t\t<\/div>\n\t\t<\/section>\n\t\t\t\t\t\t<\/div>\n\t\t\t\t\t\t<\/div>\n\t\t\t\t\t<\/div>\n\t\t","protected":false},"excerpt":{"rendered":"<p>Rakt\u00e1rk\u00e9szleti akci\u00f3s sz\u00edneink Cinnamon Sc. B rusztikus v\u00e1logat\u00e1s K\u00e9zzel kef\u00e9lt vagy k\u00e9zzel gyalult fel\u00fclet Noce Sc. B rusztikus v\u00e1logat\u00e1s K\u00e9zzel kef\u00e9lt fel\u00fclet Miele Chiaro Sc. B rusztikus v\u00e1logat\u00e1s K\u00e9zzel kef\u00e9lt vagy k\u00e9zzel gyalult fel\u00fclet Essenza Sc. B rusztikus v\u00e1logat\u00e1s K\u00e9zzel kef\u00e9lt fel\u00fclet<\/p>\n","protected":false},"author":1,"featured_media":0,"parent":0,"menu_order":0,"comment_status":"closed","ping_status":"closed","template":"","meta":[],"yoast_head":"<!-- This site is optimized with the Yoast SEO plugin v16.0.2 - https:\/\/yoast.com\/wordpress\/plugins\/seo\/ -->\n<title>Rakt\u00e1rk\u00e9szleti akci\u00f3s sz\u00edneink - Mardegan Legno<\/title>\n<link rel=\"canonical\" href=\"https:\/\/pannoniaparketta.hu\/mardegan\/raktarkeszleti-akcios-szineink\/\" \/>\n<meta property=\"og:locale\" content=\"hu_HU\" \/>\n<meta property=\"og:type\" content=\"article\" \/>\n<meta property=\"og:title\" content=\"Rakt\u00e1rk\u00e9szleti akci\u00f3s sz\u00edneink - Mardegan Legno\" \/>\n<meta property=\"og:description\" content=\"Rakt\u00e1rk\u00e9szleti akci\u00f3s sz\u00edneink Cinnamon Sc. B rusztikus v\u00e1logat\u00e1s K\u00e9zzel kef\u00e9lt vagy k\u00e9zzel gyalult fel\u00fclet Noce Sc. B rusztikus v\u00e1logat\u00e1s K\u00e9zzel kef\u00e9lt fel\u00fclet Miele Chiaro Sc. B rusztikus v\u00e1logat\u00e1s K\u00e9zzel kef\u00e9lt vagy k\u00e9zzel gyalult fel\u00fclet Essenza Sc. B rusztikus v\u00e1logat\u00e1s K\u00e9zzel kef\u00e9lt fel\u00fclet\" \/>\n<meta property=\"og:url\" content=\"https:\/\/pannoniaparketta.hu\/mardegan\/raktarkeszleti-akcios-szineink\/\" \/>\n<meta property=\"og:site_name\" content=\"Mardegan Legno\" \/>\n<meta property=\"article:modified_time\" content=\"2021-08-04T19:30:52+00:00\" \/>\n<meta name=\"twitter:card\" content=\"summary_large_image\" \/>\n<meta name=\"twitter:label1\" content=\"Becs\u00fclt olvas\u00e1si id\u0151\">\n\t<meta name=\"twitter:data1\" content=\"1 perc\">\n<script type=\"application\/ld+json\" class=\"yoast-schema-graph\">{\"@context\":\"https:\/\/schema.org\",\"@graph\":[{\"@type\":\"WebSite\",\"@id\":\"https:\/\/pannoniaparketta.hu\/mardegan\/#website\",\"url\":\"https:\/\/pannoniaparketta.hu\/mardegan\/\",\"name\":\"Mardegan Legno\",\"description\":\"Pannonia Parketta\",\"potentialAction\":[{\"@type\":\"SearchAction\",\"target\":\"https:\/\/pannoniaparketta.hu\/mardegan\/?s={search_term_string}\",\"query-input\":\"required name=search_term_string\"}],\"inLanguage\":\"hu\"},{\"@type\":\"WebPage\",\"@id\":\"https:\/\/pannoniaparketta.hu\/mardegan\/raktarkeszleti-akcios-szineink\/#webpage\",\"url\":\"https:\/\/pannoniaparketta.hu\/mardegan\/raktarkeszleti-akcios-szineink\/\",\"name\":\"Rakt\\u00e1rk\\u00e9szleti akci\\u00f3s sz\\u00edneink - Mardegan Legno\",\"isPartOf\":{\"@id\":\"https:\/\/pannoniaparketta.hu\/mardegan\/#website\"},\"datePublished\":\"2021-06-08T19:34:58+00:00\",\"dateModified\":\"2021-08-04T19:30:52+00:00\",\"breadcrumb\":{\"@id\":\"https:\/\/pannoniaparketta.hu\/mardegan\/raktarkeszleti-akcios-szineink\/#breadcrumb\"},\"inLanguage\":\"hu\",\"potentialAction\":[{\"@type\":\"ReadAction\",\"target\":[\"https:\/\/pannoniaparketta.hu\/mardegan\/raktarkeszleti-akcios-szineink\/\"]}]},{\"@type\":\"BreadcrumbList\",\"@id\":\"https:\/\/pannoniaparketta.hu\/mardegan\/raktarkeszleti-akcios-szineink\/#breadcrumb\",\"itemListElement\":[{\"@type\":\"ListItem\",\"position\":1,\"item\":{\"@type\":\"WebPage\",\"@id\":\"https:\/\/pannoniaparketta.hu\/mardegan\/\",\"url\":\"https:\/\/pannoniaparketta.hu\/mardegan\/\",\"name\":\"Home\"}},{\"@type\":\"ListItem\",\"position\":2,\"item\":{\"@type\":\"WebPage\",\"@id\":\"https:\/\/pannoniaparketta.hu\/mardegan\/raktarkeszleti-akcios-szineink\/\",\"url\":\"https:\/\/pannoniaparketta.hu\/mardegan\/raktarkeszleti-akcios-szineink\/\",\"name\":\"Rakt\\u00e1rk\\u00e9szleti akci\\u00f3s sz\\u00edneink\"}}]}]}<\/script>\n<!-- \/ Yoast SEO plugin. -->","_links":{"self":[{"href":"https:\/\/pannoniaparketta.hu\/mardegan\/wp-json\/wp\/v2\/pages\/2083"}],"collection":[{"href":"https:\/\/pannoniaparketta.hu\/mardegan\/wp-json\/wp\/v2\/pages"}],"about":[{"href":"https:\/\/pannoniaparketta.hu\/mardegan\/wp-json\/wp\/v2\/types\/page"}],"author":[{"embeddable":true,"href":"https:\/\/pannoniaparketta.hu\/mardegan\/wp-json\/wp\/v2\/users\/1"}],"replies":[{"embeddable":true,"href":"https:\/\/pannoniaparketta.hu\/mardegan\/wp-json\/wp\/v2\/comments?post=2083"}],"version-history":[{"count":45,"href":"https:\/\/pannoniaparketta.hu\/mardegan\/wp-json\/wp\/v2\/pages\/2083\/revisions"}],"predecessor-version":[{"id":2193,"href":"https:\/\/pannoniaparketta.hu\/mardegan\/wp-json\/wp\/v2\/pages\/2083\/revisions\/2193"}],"wp:attachment":[{"href":"https:\/\/pannoniaparketta.hu\/mardegan\/wp-json\/wp\/v2\/media?parent=2083"}],"curies":[{"name":"wp","href":"https:\/\/api.w.org\/{rel}","templated":true}]}}